divided by v?
5
Suppose -5*h = -h - 24. Let w be ((-6)/8)/((-1)/4). Suppose w*z - 5*r = 8*z - 20, -8 = -2*z + r. What is the remainder when h is divided by z?
2
Suppose 1 = -2*c - 3. Let g be (-2)/c*1*-6. Let m = g - -14. What is the remainder when m is divided by 3?
2
Suppose 0 = -2*b + 2*y + 2*y - 6, -21 = -3*b - 4*y. Suppose 40 = b*i + 2*i. Calculate the remainder when 30 is divided by i.
6
Suppose -7 = o - 16. Calculate the remainder when 30 is divided by o.
3
Suppose 3*u + 2*b - 7*b - 41 = 0, 0 = b + 1. Let h = -100 - -147. Calculate the remainder when h is divided by u.
11
Let q(v) = 6*v - 4. Let y(j) = 11*j**2 - j + 1. What is the remainder when y(-3) is divided by q(5)?
25
Suppose 26 = -11*s + 125. Calculate the remainder when s is divided by 4.
1
Let x = -36 - -54. Calculate the remainder when x is divided by 5.
3
Suppose 5*t + 0*x - 58 = -x, 4*t - 4*x - 32 = 0. Calculate the remainder when 40 is divided by t.
7
Suppose 8 = -2*w + 4*h, -3*w - 2*h - 8 = -2*w. Let g = 0 - w. What is the remainder when 10 is divided by g?
4
Suppose 50 = 3*r + 4*o, -r - 2*o = 4*r - 102. What is the remainder when 35 is divided by r?
13
Let i be (8*3)/((-5)/(-15)). Let d = 1 + i. Calculate the remainder when d is divided by 19.
16
Let n = -10 + 18. Calculate the remainder when 29 is divided by (n/6)/((-1)/(-6)).
5
Suppose -3*a + 4 + 62 = 0. What is the remainder when (4/(-6))/((-2)/192) is divided by a?
20
Let v(p) = -p + 27. Let h = 60 - 33. Calculate the remainder when h is divided by v(12).
12
Suppose 4*r = -4*b + 4, 3*b - 4*b + 4 = 4*r. What is the remainder when 38 is divided by 10*(b/(-1) + 2)?
18
Let j be (-2)/((-4)/(-1 + 3)). Let r(c) = 1 - 1 + 18*c. Calculate the remainder when r(j) is divided by 10.
8
Suppose -4*a = -2*h, -5*h + 10 - 1 = -a. Suppose -30 = h*y - 4*j, -y - 3*j - 10 = -0*y. What is the remainder when 37 is divided by (3 - 4)/1*y?
11
Suppose 0 = j - 5*j + 3*p + 52, -2*j - p + 26 = 0. Suppose 5*v + 49 - 234 = 0. Calculate the remainder when v is divided by j.
11
Suppose -14 = 9*q - 122. Calculate the remainder when 57 is divided by q.
9
Suppose -3*p + 93 = p - 3*z, -2*p - 4*z + 52 = 0. Calculate the remainder when 94 is divided by p.
22
Let z(p) = -p**2 - 2*p + 32. Suppose 2*r - 5*r + 4*n - 10 = 0, r - 2 = -4*n. Let g = r + 19. Calculate the remainder when z(0) is divided by g.
15
Suppose 0 = -2*z - 5*p + 40, 3*z - 2*p = p + 18. Suppose -5*w + 2*w + 18 = 0. Calculate the remainder when z is divided by w.
4
Suppose 200 = 2*v + 70. Let y(u) = -u**3 + 4*u**2 + 6*u - 7. What is the remainder when v is divided by y(4)?
14
Let s(b) = -b**3 + 5*b**2 + 8*b - 16. What is the remainder when 68 is divided by s(5)?
20
Let b = -6 + 12. What is the remainder when b is divided by 3?
0
Suppose 11 + 34 = 5*t. Let x(i) = -i**3 + 5*i**2 - 2. Let s be x(5). What is the remainder when (0 - -26)/(3 + s) is divided by t?
8
Suppose 257 = 5*z - 18. Suppose 5*f - 3*n = 132, -2*f + 0*f - n + z = 0. Calculate the remainder when f is divided by 5.
2
Suppose -3*n + 2*n = 0. Let l(q) = -q + 6. Let f be l(n). Let i = f + -5. Calculate the remainder when 3 is divided by i.
0
Let d(j) be the first derivative of j**4/2 + j**3/3 - j**2/2 + 3*j - 4. What is the remainder when d(3) is divided by 16?
15
Let g(u) = 14*u + 133. Let b(k) = 5*k + 44. Let t(y) = -17*b(y) + 6*g(y). Let a be (-3)/(-15) + (-2)/10. What is the remainder when t(a) is divided by 17?
16
Let c be (-1 + 3/(-9))*3. Let r be c/(2*-1) + 2. Suppose 5*f - f - r*h = 48, -2*f + h = -21. Calculate the remainder when 26 is divided by f.
8
Calculate the remainder when ((-2)/(-4))/(2/116) is divided by 16.
13
Let m = 9 + 18. What is the remainder when m is divided by 7?
6
Let u(p) = p - 4. Let s be u(6). Let x = s - -1. What is the remainder when 8 is divided by x?
2
Suppose -5*c + 5*y = -465, 2*y + 210 = 5*c - 270. Suppose c = 4*m - 62. What is the remainder when m is divided by (93/15 + -9)/((-2)/10)?
12
Suppose s = -2, -v - 4*s + 16 = 2*v. Let o(m) = 2*m - 7. Calculate the remainder when 16 is divided by o(v).
7
What is the remainder when 3 is divided by (22/77)/(1/7)?
1
Suppose -3*m + c + 72 = m, m + 2*c = 9. Calculate the remainder when m is divided by 3/(-2 + -1) - -10.
8
Let y = 1 + 20. Calculate the remainder when y is divided by (-28)/3*-6*13/91.
5
Let g = 25 + -13. Let t = 16 - g. What is the remainder when 14 is divided by t?
2
Suppose -19 = -n + q, 3*q - 12 = -0*q. Let x(u) = 2*u**2 - 38*u + 12. What is the remainder when n is divided by x(19)?
11
Let n = -3 - -4. What is the remainder when ((-12)/8)/(n/(-58)) is divided by 22?
21
Suppose 5*l - 390 = 2*l. Calculate the remainder when l is divided by 33.
31
Let f(j) = -4*j - 10. Let c be f(-10). Suppose -2*r - 3*l = 7, r + l + 17 = 4*r. Calculate the remainder when c/r - (-2)/(-4) is divided by 4.
3
Suppose -a - g + 2 = 0, -13 = 5*g + 7. What is the remainder when 9 is divided by a?
3
Let s be (1*-2)/(-4 + 2). Let q = 1 + s. Suppose q*p + 12 = 4*p. What is the remainder when 16 is divided by p?
4
Let r(l) = l**2 - 8*l + 9. Calculate the remainder when 5 is divided by r(7).
1
Suppose -1 = -v + 4. Let n(r) = r**2 + 3*r - 6. Calculate the remainder when n(v) is divided by 9.
7
Suppose 0 = 2*t + t + 2*o - 11, -1 = -t - 2*o. Suppose -f + 40 = 3*n, 5*f - 105 = t*n - n. Let p(h) = 2*h - 3. What is the remainder when f is divided by p(6)?
7
Suppose 28 + 62 = 3*v. Calculate the remainder when v is divided by 16.
14
Let h(c) = -5*c - 3. Let u be h(-2). Suppose 4*g + u - 71 = 0. Calculate the remainder when 31 is divided by g.
15
Let u = -28 - -61. What is the remainder when u is divided by 10?
3
Let r = 1 - -20. What is the remainder when r is divided by 6?
3
Suppose 4*m - 3*r = 112, m - 59 = -4*r - 12. What is the remainder when m is divided by 1 - 1 - -7 - (-7 + 3)?
9
Suppose 3*z = z + 20. Let h(v) = -v**2 - 11*v - 14. Let l be h(-9). Calculate the remainder when -1*(l - 3 - 18) is divided by z.
7
Suppose -3*x = 4*o - 20, 4*x + 3*o - 8 = 28. What is the remainder when 45 is divided by x?
9
Calculate the remainder when (16 + 0)*(-9 - -10) is divided by 7.
2
Suppose 5*j = 0, o - 5*j = -4*j. Let c = 26 - 13. What is the remainder when c is divided by -1 + 1 + (5 - o)?
3
Let m(y) = -3*y - 3. Let a = 13 + -19. Let g be m(a). Let z = g - 10. What is the remainder when 8 is divided by z?
3
Suppose 4*v = v + 81. Calculate the remainder when v is divided by 7.
6
Let n(z) = -10*z**3 - 2*z**2 + 1. Calculate the remainder when n(-1) is divided by (-2 + 6)/(4/3).
0
Suppose 13 = 2*q + 7. Let a = 9 + -6. Calculate the remainder when a is divided by q.
0
Let s(f) = -5*f - 6. Let p be -3 - 2/(-6)*-3. Calculate the remainder when s(p) is divided by 4.
2
Let p(z) = z + 3. Calculate the remainder when 28 is divided by p(7).
8
Suppose 0 = 5*i + 3*s - 586, 488 = 5*i - i - 4*s. Suppose i = 5*p - 81. Suppose m - 4 - 10 = 0. What is the remainder when p is divided by m?
12
Calculate the remainder when (-2)/(4 - (10 - 4)) is divided by 1.
0
Suppose b + r = -4 + 14, 3*r = 0. Let y be (-300)/(-21) + (-6)/21. Suppose 5*a = -2*n + 2*a - 3, -2*a = 4*n - y. Calculate the remainder when b is divided by n.
4
What is the remainder when 2/4 - 2/(4/(-261)) is divided by 11?
10
Let s(y) = -2*y + 21. Let w be s(10). Let q = 15 + w. Calculate the remainder when 29 is divided by q.
13
Let w = 19 - 10. Calculate the remainder when w is divided by 3.
0
Let m = 212 + -168. What is the remainder when 172 is divided by m?
40
Suppose -2*l - l = -6. Let f be (-18)/(-3)*(-1 + l). Let o = f - 4. What is the remainder when 2 is divided by o?
0
Let k(x) = -2*x**3 - 5*x**2 - 4*x. Let p be k(-2). Suppose -180 = -p*c - c. Calculate the remainder when 69 is divided by c.
33
Suppose 38 = 2*o - 28. Calculate the remainder when o is divided by 7.
5
Let h(l) = -3*l - 8. Let r(b) = 5*b + 12. Let k(v) = 7*h(v) + 5*r(v). What is the remainder when 31 is divided by k(3)?
15
Suppose -2*l - 3*l + 2*i = -131, -4*l + 4*i + 100 = 0. Suppose 3*s - l = 9. Let j = -26 - -48. Calculate the remainder when j is divided by s.
10
Suppose -2*h - 3*h + 4*b = 2, -2*h + 2*b = 2. Suppose -5*u = -20, -u = h*o + o - 22. Calculate the remainder when 17 is divided by o.
5
Suppose 0 = -5*q - 2*b + 35, -2*b - 50 = -5*q - 7*b. Suppose 2*j + 3*